
Is 7025749 a composite number?
True
Is 26794321 composite?
False
Is 2260493 prime?
True
Is 4625389 composite?
False
Is 333201422 a prime number?
False
Is 4201871 composite?
True
Is 169547681 composite?
True
Is 72421 a prime number?
True
Is 4877651 a composite number?
False
Is 35001131 a composite number?
True
Is 3484307 composite?
True
Is 93443261 a prime number?
True
Is 1023060533 composite?
True
Is 2116783 a prime number?
True
Is 31187437 composite?
False
Is 45863861 composite?
True
Is 26307049 a prime number?
False
Is 7326401 prime?
True
Is 107203753 a composite number?
False
Is 32347157 composite?
True
Is 462043 prime?
False
Is 12475973 composite?
False
Is 19639342 a prime number?
False
Is 643273 a composite number?
False
Is 10454683 composite?
True
Is 49593739 composite?
True
Is 12357209 a composite number?
False
Is 2119783 composite?
False
Is 21414059 a prime number?
False
Is 14331911 a composite number?
True
Is 12116141 a composite number?
False
Is 385261 composite?
False
Is 13735627 prime?
True
Is 23242451 composite?
True
Is 15359909 composite?
False
Is 7141867 a prime number?
True
Is 1004401 a prime number?
True
Is 256832795 a prime number?
False
Is 296657479 composite?
False
Is 53999419 a composite number?
True
Is 168571489 prime?
False
Is 362479 a composite number?
True
Is 10422934 composite?
True
Is 11578711 composite?
True
Is 3082021 prime?
True
Is 128057927 a prime number?
True
Is 2104297 a prime number?
False
Is 743249 composite?
True
Is 16222533 a prime number?
False
Is 15202279 prime?
False
Is 33288583 a composite number?
True
Is 51641 a composite number?
True
Is 367069 composite?
False
Is 570939 prime?
False
Is 53630455 a prime number?
False
Is 56751619 prime?
True
Is 2069069 a prime number?
True
Is 72187331 composite?
False
Is 1608964017 composite?
True
Is 12249947 a prime number?
True
Is 98456597 a prime number?
True
Is 250169 prime?
True
Is 464441 prime?
False
Is 6246833 a composite number?
False
Is 175057757 prime?
False
Is 239443091 prime?
False
Is 2506723 composite?
False
Is 6985397 composite?
False
Is 12951007 composite?
False
Is 171423367 a composite number?
False
Is 11720483 composite?
False
Is 15624799 a composite number?
False
Is 52831151 prime?
True
Is 213821 a composite number?
False
Is 2073055 a composite number?
True
Is 17974007 prime?
True
Is 68228759 a prime number?
True
Is 105906401 prime?
True
Is 1112800061 prime?
True
Is 5341223 prime?
False
Is 15839045 a composite number?
True
Is 407093 a composite number?
True
Is 14542037 composite?
False
Is 26911849 a composite number?
True
Is 494809 a prime number?
False
Is 31031151 composite?
True
Is 1452499 composite?
True
Is 4638019 composite?
True
Is 56801003 prime?
False
Is 35007207 a composite number?
True
Is 1971734 a prime number?
False
Is 12193387 prime?
False
Is 96623671 a prime number?
True
Is 315043571 prime?
True
Is 64861 prime?
False
Is 106245731 a prime number?
True
Is 295320631 a prime number?
False
Is 6266327 a prime number?
False
Is 40069147 a composite number?
True
Is 13487431 prime?
False
Is 540677 composite?
False
Is 2660795 a prime number?
False
Is 894514 composite?
True
Is 59004151 a prime number?
True
Is 13936613 prime?
False
Is 14581537 prime?
True
Is 78147757 composite?
False
Is 10437647 prime?
False
Is 372326657 a composite number?
False
Is 129405385 composite?
True
Is 2087531 a prime number?
True
Is 5110459 prime?
True
Is 21569533 composite?
True
Is 4227821 composite?
True
Is 7166507 prime?
True
Is 58124767 a composite number?
True
Is 154369 a composite number?
False
Is 188891 a prime number?
True
Is 4274891 a composite number?
False
Is 2558737 prime?
True
Is 219377 composite?
False
Is 545023 prime?
True
Is 48595 composite?
True
Is 2772331 composite?
False
Is 5703493 a prime number?
True
Is 199112321 a composite number?
True
Is 437351459 a prime number?
True
Is 92891 a composite number?
True
Is 58399577 a composite number?
False
Is 160903459 prime?
True
Is 577670221 composite?
False
Is 7103269 a composite number?
False
Is 296242327 a composite number?
False
Is 25670411 prime?
False
Is 7786201 prime?
True
Is 62332003 a composite number?
False
Is 641741 composite?
True
Is 1205969 composite?
False
Is 6330067 a prime number?
True
Is 8292506 a composite number?
True
Is 874325423 a composite number?
False
Is 52598429 composite?
True
Is 3815197 a prime number?
True
Is 2231467 a composite number?
True
Is 30539 a composite number?
False
Is 679034 a composite number?
True
Is 7147423 a prime number?
True
Is 4758997 composite?
True
Is 93488143 a composite number?
True
Is 7508057 a composite number?
False
Is 17092901 a prime number?
False
Is 885097 composite?
False
Is 14004041 composite?
False
Is 17659403 a prime number?
False
Is 115742149 prime?
True
Is 33237449 a prime number?
False
Is 127838863 a prime number?
True
Is 757079 prime?
False
Is 3073027 prime?
True
Is 131745602 a prime number?
False
Is 24734198 composite?
True
Is 693467 prime?
False
Is 2022821 prime?
False
Is 16632787 a prime number?
False
Is 555677 prime?
True
Is 10966915 a prime number?
False
Is 495825469 prime?
True
Is 4146497 a prime number?
True
Is 13992731 composite?
False
Is 17141953 prime?
True
Is 537269 prime?
True
Is 588385393 prime?
False
Is 1326961 a composite number?
True
Is 17466913 composite?
True
Is 371369507 composite?
False
Is 1326379 prime?
False
Is 109580587 a composite number?
False
Is 363757697 a prime number?
False
Is 2573759 a composite number?
True
Is 328416019 composite?
True
Is 211856727 prime?
False
Is 3258413 prime?
True
Is 44304817 a prime number?
True
Is 7829845 a prime number?
False
Is 115184427 a composite number?
True
Is 5209537 prime?
True
Is 17747321 composite?
False
Is 837409 prime?
True
Is 202799 composite?
False
Is 5757821 composite?
False
Is 1213337 a prime number?
False
Is 129981707 a composite number?
True
Is 456478351 composite?
True
Is 29017363 a prime number?
True
Is 293071 composite?
False
Is 6216931 prime?
False
Is 795706361 prime?
True
Is 67378481 a prime number?
True
Is 1374679 a prime number?
False
Is 205487281 a prime number?
True
Is 15344083 prime?
False
Is 35617129 prime?
True
Is 3247703 prime?
True
Is 1274523 a prime number?
False
Is 1633277 composite?
False
Is 286879333 a composite number?
True
Is 676007 a composite number?
False
Is 56744869 a composite number?
False
Is 290155793 a prime number?
True
Is 141621643 composite?
False
Is 218209 a composite number?
True
Is 95286449 prime?
False
Is 19448687 a prime number?
False
Is 43626419 composite?
True
Is 5005617 a composite number?
True
Is 410581 a prime number?
False
Is 994458931 a prime number?
True
Is 21476541 prime?
False
Is 5700623 composite?
False
Is 1928539 a composite number?
False
Is 30813941 prime?
True
Is 10402411 a composite number?
False
Is 19259951 a prime number?
True
Is 11840083 prime?
False
Is 149083 a composite number?
True
Is 4441747 prime?
True
Is 1216957 a composite number?
True
Is 57197897 composite?
True
Is 763493799 a composite number?
True
Is 48815339 composite?
False
Is 2047091 a prime number?
True
Is 40354637 composite?
False
Is 62511851 prime?
True
Is 1100657 prime?
False
Is 187565603 a composite number?
False
Is 76725643 prime?
True
Is 24678627 prime?
False
Is 70563371 a composite number?
True
Is 897437 composite?
True
Is 18615939 a prime number?
False
Is 5977801 a composite number?
False
Is 6006577 composite?
True
Is 3229258 a prime number?
False
Is 3931297 a prime number?
False
Is 9457835 prime?
False
Is 688280585 prime?
False
Is 43057513 a composite number?
False
Is 20976797 composite?
False
Is 230989991 composite?
True
Is 15814181 a composite number?
True
Is 773341 a composite number?
False
Is 1014419 prime?
False
Is 22674427 a composite number?
True
Is 1906339 a composite number?
True
Is 59107 prime?
True
Is 37582157 composite?
False
Is 26116169 a prime number?
True
Is 40292123 composite?
False
Is 456528643 a composite number?
True
Is 1193081 a prime number?
True
Is 42956597 prime?
True
Is 113516729 a composite number?
False
Is 6709771 a composite number?
True
Is 12358691 prime?
True
Is 1512141 composite?
True
Is 3101029 a composite number?
False
Is 1943791 prime?
True
Is 251015533 a composite number?
True
Is 1524923 composite?
True
Is 2342071 comp